{"id":310,"date":"2021-03-21T15:51:38","date_gmt":"2021-03-21T14:51:38","guid":{"rendered":"https:\/\/www.berlinerkorkenzieher.de\/?page_id=310"},"modified":"2021-04-10T14:55:45","modified_gmt":"2021-04-10T12:55:45","slug":"korkenzieher-steckbriefe","status":"publish","type":"page","link":"https:\/\/www.berlinerkorkenzieher.de\/index.php\/korkenzieher-steckbriefe\/","title":{"rendered":"Korkenzieher-Steckbriefe"},"content":{"rendered":"<h2 id=\"tablepress-5-name\" class=\"tablepress-table-name tablepress-table-name-id-5\">Romy<\/h2>\n\n<table id=\"tablepress-5\" class=\"tablepress tablepress-id-5\" aria-labelledby=\"tablepress-5-name\">\n<tbody class=\"row-striping row-hover\">\n<tr class=\"row-1\">\n\t<td class=\"column-1\"><img loading=\"lazy\" decoding=\"async\" src=\"https:\/\/www.berlinerkorkenzieher.de\/wp-content\/uploads\/2021\/05\/wine-1543170_640-300x213.jpg\" alt=\"Weinglas\" width=\"300\" height=\"213\" class=\"alignnone size-medium wp-image-532\" srcset=\"https:\/\/www.berlinerkorkenzieher.de\/wp-content\/uploads\/2021\/05\/wine-1543170_640-300x213.jpg 300w, https:\/\/www.berlinerkorkenzieher.de\/wp-content\/uploads\/2021\/05\/wine-1543170_640.jpg 640w\" sizes=\"auto, (max-width: 300px) 100vw, 300px\" \/><\/td><td class=\"column-2\"><\/td>\n<\/tr>\n<tr class=\"row-2\">\n\t<td class=\"column-1\">Lieblings Rebsorte Wei\u00df<\/td><td class=\"column-2\">Riesling und Sauvignon blanc<\/td>\n<\/tr>\n<tr class=\"row-3\">\n\t<td class=\"column-1\">Lieblings Rebsorte Rot<\/td><td class=\"column-2\">Sp\u00e4tburgunder<\/td>\n<\/tr>\n<tr class=\"row-4\">\n\t<td class=\"column-1\">Bevorzugtes Weingut<\/td><td class=\"column-2\">Van Volxem<br \/>\nKnab<br \/>\nClemens Busch<br \/>\nKnipser<\/td>\n<\/tr>\n<tr class=\"row-5\">\n\t<td class=\"column-1\">Lieblings-Weinspruch<\/td><td class=\"column-2\">Wein ist Poesie in Flaschen.<\/td>\n<\/tr>\n<tr class=\"row-6\">\n\t<td class=\"column-1\">Welche Weine will ich noch trinken?<\/td><td class=\"column-2\">Pinot aus Oregon<br \/>\nPinot aus Neuseeland<br \/>\n<\/td>\n<\/tr>\n<\/tbody>\n<\/table>\n<!-- #tablepress-5 from cache -->\n\n\n\n<hr class=\"wp-block-separator has-text-color has-background has-vivid-red-background-color has-vivid-red-color is-style-wide\"\/>\n\n\n<h2 id=\"tablepress-6-name\" class=\"tablepress-table-name tablepress-table-name-id-6\">Matthias<\/h2>\n\n<table id=\"tablepress-6\" class=\"tablepress tablepress-id-6\" aria-labelledby=\"tablepress-6-name\">\n<tbody class=\"row-striping row-hover\">\n<tr class=\"row-1\">\n\t<td class=\"column-1\">Lieblings Rebsorte Wei\u00df<\/td><td class=\"column-2\">Chardonnay und Grauburgunder<\/td>\n<\/tr>\n<tr class=\"row-2\">\n\t<td class=\"column-1\">Lieblings Rebsorte Rot<\/td><td class=\"column-2\">Cabernet Sauvignon<\/td>\n<\/tr>\n<tr class=\"row-3\">\n\t<td class=\"column-1\">Bevorzugtes Weingut<\/td><td class=\"column-2\">Knab<\/td>\n<\/tr>\n<tr class=\"row-4\">\n\t<td class=\"column-1\">Lieblings-Weinspruch<\/td><td class=\"column-2\">Was lange g\u00e4rt, wird endlich gut.<\/td>\n<\/tr>\n<tr class=\"row-5\">\n\t<td class=\"column-1\">Welche Weine will ich noch trinken?<\/td><td class=\"column-2\">Viele \ud83d\ude42<\/td>\n<\/tr>\n<\/tbody>\n<\/table>\n<!-- #tablepress-6 from cache -->\n\n\n\n<hr class=\"wp-block-separator has-text-color has-background has-vivid-red-background-color has-vivid-red-color is-style-wide\"\/>\n\n\n<h2 id=\"tablepress-7-name\" class=\"tablepress-table-name tablepress-table-name-id-7\">Addi<\/h2>\n\n<table id=\"tablepress-7\" class=\"tablepress tablepress-id-7\" aria-labelledby=\"tablepress-7-name\">\n<tbody class=\"row-striping row-hover\">\n<tr class=\"row-1\">\n\t<td class=\"column-1\"><img loading=\"lazy\" decoding=\"async\" src=\"https:\/\/www.berlinerkorkenzieher.de\/wp-content\/uploads\/2021\/05\/88220-214x300.jpg\" alt=\"\" width=\"214\" height=\"300\" class=\"size-medium wp-image-635\" srcset=\"https:\/\/www.berlinerkorkenzieher.de\/wp-content\/uploads\/2021\/05\/88220-214x300.jpg 214w, https:\/\/www.berlinerkorkenzieher.de\/wp-content\/uploads\/2021\/05\/88220-730x1024.jpg 730w, https:\/\/www.berlinerkorkenzieher.de\/wp-content\/uploads\/2021\/05\/88220-768x1077.jpg 768w, https:\/\/www.berlinerkorkenzieher.de\/wp-content\/uploads\/2021\/05\/88220-1096x1536.jpg 1096w, https:\/\/www.berlinerkorkenzieher.de\/wp-content\/uploads\/2021\/05\/88220-1461x2048.jpg 1461w, https:\/\/www.berlinerkorkenzieher.de\/wp-content\/uploads\/2021\/05\/88220-scaled.jpg 1826w\" sizes=\"auto, (max-width: 214px) 100vw, 214px\" \/> <\/td><td class=\"column-2\"><\/td>\n<\/tr>\n<tr class=\"row-2\">\n\t<td class=\"column-1\">Lieblings Rebsorte Wei\u00df<\/td><td class=\"column-2\">Grillo<br \/>\nRiesling<br \/>\nMuskateller<\/td>\n<\/tr>\n<tr class=\"row-3\">\n\t<td class=\"column-1\">Lieblings Rebsorte Rot<\/td><td class=\"column-2\">Syrah\/Shiraz<br \/>\nZinfandel<br \/>\nLemberger<\/td>\n<\/tr>\n<tr class=\"row-4\">\n\t<td class=\"column-1\">Bevorzugtes Weingut<\/td><td class=\"column-2\">Ravenswood \/ Kalifornien - USA<br \/>\nL\u00e4mmlin Schindler \/ Baden<br \/>\nWG Dautel \/ W\u00fcrttemberg<\/td>\n<\/tr>\n<tr class=\"row-5\">\n\t<td class=\"column-1\">Lieblings-Weinspruch<\/td><td class=\"column-2\">Wein ist das einzige Kunstwerk, das man trinken kann.<\/td>\n<\/tr>\n<tr class=\"row-6\">\n\t<td class=\"column-1\">Welche Weine will ich noch trinken?<\/td><td class=\"column-2\">Bordeaux\/Pinot Noirs 1. Grand Cru<br \/>\nAmarone gut gereift<br \/>\n<\/td>\n<\/tr>\n<\/tbody>\n<\/table>\n<!-- #tablepress-7 from cache -->\n\n\n\n<hr class=\"wp-block-separator has-text-color has-background has-vivid-red-background-color has-vivid-red-color is-style-wide\"\/>\n\n\n<h2 id=\"tablepress-4-name\" class=\"tablepress-table-name tablepress-table-name-id-4\">Heike<\/h2>\n\n<table id=\"tablepress-4\" class=\"tablepress tablepress-id-4\" aria-labelledby=\"tablepress-4-name\">\n<tbody class=\"row-striping row-hover\">\n<tr class=\"row-1\">\n\t<td class=\"column-1\">Lieblings Rebsorte Wei\u00df<\/td><td class=\"column-2\">Riesling<\/td>\n<\/tr>\n<tr class=\"row-2\">\n\t<td class=\"column-1\">Lieblings Rebsorte Rot<\/td><td class=\"column-2\">Lemberger<\/td>\n<\/tr>\n<tr class=\"row-3\">\n\t<td class=\"column-1\">Bevorzugtes Weingut<\/td><td class=\"column-2\">J.B. Becker \/ Rheingau<br \/>\nMax M\u00fcller I. \/ Franken<br \/>\nW\u00f6hrwag \/ W\u00fcrttemberg<\/td>\n<\/tr>\n<tr class=\"row-4\">\n\t<td class=\"column-1\">Lieblings-Weinspruch<\/td><td class=\"column-2\">La\u00dft uns f\u00fcr jedes Problem ein Glas Wein trinken, um die Zeit bis zur L\u00f6sung zu \u00fcberbr\u00fccken.<\/td>\n<\/tr>\n<tr class=\"row-5\">\n\t<td class=\"column-1\">Welche Weine will ich noch trinken?<\/td><td class=\"column-2\">Verschiedene<\/td>\n<\/tr>\n<\/tbody>\n<\/table>\n<!-- #tablepress-4 from cache -->\n\n\n\n<hr class=\"wp-block-separator has-text-color has-background has-vivid-red-background-color has-vivid-red-color is-style-wide\"\/>\n\n\n<h2 id=\"tablepress-8-name\" class=\"tablepress-table-name tablepress-table-name-id-8\">Heiko<\/h2>\n\n<table id=\"tablepress-8\" class=\"tablepress tablepress-id-8\" aria-labelledby=\"tablepress-8-name\">\n<tbody class=\"row-striping row-hover\">\n<tr class=\"row-1\">\n\t<td class=\"column-1\">Lieblings Rebsorte Wei\u00df<\/td><td class=\"column-2\">Riesling<br \/>\nGr\u00fcner Veltliner<\/td>\n<\/tr>\n<tr class=\"row-2\">\n\t<td class=\"column-1\">Lieblings Rebsorte Rot<\/td><td class=\"column-2\">Pinot Noir <br \/>\nNebbiolo<\/td>\n<\/tr>\n<tr class=\"row-3\">\n\t<td class=\"column-1\">Bevorzugtes Weingut<\/td><td class=\"column-2\">Georg Moosbacher \/ Pfalz<\/td>\n<\/tr>\n<tr class=\"row-4\">\n\t<td class=\"column-1\">Lieblings-Weinspruch<\/td><td class=\"column-2\">Je leerer die Flasche, desto besser der Wein.<\/td>\n<\/tr>\n<tr class=\"row-5\">\n\t<td class=\"column-1\">Welche Weine will ich noch trinken?<\/td><td class=\"column-2\">Roman\u00e9e-Conti<\/td>\n<\/tr>\n<\/tbody>\n<\/table>\n<!-- #tablepress-8 from cache -->\n\n\n\n<hr class=\"wp-block-separator has-text-color has-background has-vivid-red-background-color has-vivid-red-color is-style-wide\"\/>\n\n\n<h2 id=\"tablepress-9-name\" class=\"tablepress-table-name tablepress-table-name-id-9\">Markus<\/h2>\n\n<table id=\"tablepress-9\" class=\"tablepress tablepress-id-9\" aria-labelledby=\"tablepress-9-name\">\n<tbody class=\"row-striping row-hover\">\n<tr class=\"row-1\">\n\t<td class=\"column-1\">Lieblings Rebsorte Wei\u00df<\/td><td class=\"column-2\">Riesling<br \/>\nSauvignon Blanc<\/td>\n<\/tr>\n<tr class=\"row-2\">\n\t<td class=\"column-1\">Lieblings Rebsorte Rot<\/td><td class=\"column-2\">Sp\u00e4tburgunder<br \/>\nLemberger<br \/>\nLagrein<br \/>\nCabernet Sauvignon<\/td>\n<\/tr>\n<tr class=\"row-3\">\n\t<td class=\"column-1\">Bevorzugtes Weingut<\/td><td class=\"column-2\">Matthias M\u00fcller \/ Mittelrhein<br \/>\nDr. Crusius \/ Nahe<br \/>\nKellerei Terlan \/ S\u00fcdtirol<br \/>\nErbhof Unterganzner \/ S\u00fcdtirol<\/td>\n<\/tr>\n<tr class=\"row-4\">\n\t<td class=\"column-1\">Lieblings-Weinspruch<\/td><td class=\"column-2\">Was Du heute kannst entkorken, das verschiebe nicht auf morgen.<\/td>\n<\/tr>\n<tr class=\"row-5\">\n\t<td class=\"column-1\">Welche Weine will ich noch trinken?<\/td><td class=\"column-2\">Erstwein vs Zweitwein<br \/>\nPinot Noir Dt.\/Austria vs. Burgund<br \/>\ngute Weine mit interessanten vinophilen Menschen<\/td>\n<\/tr>\n<\/tbody>\n<\/table>\n<!-- #tablepress-9 from cache -->\n\n\n\n<hr class=\"wp-block-separator has-text-color has-background has-vivid-red-background-color has-vivid-red-color is-style-wide\"\/>\n\n\n<h2 id=\"tablepress-10-name\" class=\"tablepress-table-name tablepress-table-name-id-10\">Neu<\/h2>\n\n<table id=\"tablepress-10\" class=\"tablepress tablepress-id-10\" aria-labelledby=\"tablepress-10-name\">\n<tbody class=\"row-striping row-hover\">\n<tr class=\"row-1\">\n\t<td class=\"column-1\">Lieblings Rebsorte Wei\u00df<\/td><td class=\"column-2\">Wein1<\/td>\n<\/tr>\n<tr class=\"row-2\">\n\t<td class=\"column-1\">Lieblings Rebsorte Rot<\/td><td class=\"column-2\">Wein1<\/td>\n<\/tr>\n<tr class=\"row-3\">\n\t<td class=\"column-1\">Bevorzugtes Weingut<\/td><td class=\"column-2\">Wein1<\/td>\n<\/tr>\n<tr class=\"row-4\">\n\t<td class=\"column-1\">Lieblings-Weinspruch<\/td><td class=\"column-2\">Wein1<\/td>\n<\/tr>\n<tr class=\"row-5\">\n\t<td class=\"column-1\">Welche Weine will ich noch trinken?<\/td><td class=\"column-2\">Wein1<\/td>\n<\/tr>\n<\/tbody>\n<\/table>\n<!-- #tablepress-10 from cache -->\n\n\n\n<hr class=\"wp-block-separator has-text-color has-background has-vivid-red-background-color has-vivid-red-color is-style-wide\"\/>\n\n\n<h2 id=\"tablepress-11-name\" class=\"tablepress-table-name tablepress-table-name-id-11\">Alias J, m<\/h2>\n\n<table id=\"tablepress-11\" class=\"tablepress tablepress-id-11\" aria-labelledby=\"tablepress-11-name\">\n<tbody class=\"row-striping row-hover\">\n<tr class=\"row-1\">\n\t<td class=\"column-1\">Lieblings Rebsorte Wei\u00df<\/td><td class=\"column-2\">Wein1<\/td>\n<\/tr>\n<tr class=\"row-2\">\n\t<td class=\"column-1\">Lieblings Rebsorte Rot<\/td><td class=\"column-2\">Wein1<\/td>\n<\/tr>\n<tr class=\"row-3\">\n\t<td class=\"column-1\">Bevorzugtes Weingut<\/td><td class=\"column-2\">Wein1<\/td>\n<\/tr>\n<tr class=\"row-4\">\n\t<td class=\"column-1\">Lieblings-Weinspruch<\/td><td class=\"column-2\">Wein1<\/td>\n<\/tr>\n<tr class=\"row-5\">\n\t<td class=\"column-1\">Welche Weine will ich noch trinken?<\/td><td class=\"column-2\">Wein1<\/td>\n<\/tr>\n<\/tbody>\n<\/table>\n<!-- #tablepress-11 from cache -->\n\n\n\n<hr class=\"wp-block-separator has-text-color has-background has-vivid-red-background-color has-vivid-red-color is-style-wide\"\/>\n\n\n<h2 id=\"tablepress-12-name\" class=\"tablepress-table-name tablepress-table-name-id-12\">A.<\/h2>\n\n<table id=\"tablepress-12\" class=\"tablepress tablepress-id-12\" aria-labelledby=\"tablepress-12-name\">\n<tbody class=\"row-striping row-hover\">\n<tr class=\"row-1\">\n\t<td class=\"column-1\">Lieblings Rebsorte Wei\u00df<\/td><td class=\"column-2\">Wein1<\/td>\n<\/tr>\n<tr class=\"row-2\">\n\t<td class=\"column-1\">Lieblings Rebsorte Rot<\/td><td class=\"column-2\">Wein1<\/td>\n<\/tr>\n<tr class=\"row-3\">\n\t<td class=\"column-1\">Bevorzugtes Weingut<\/td><td class=\"column-2\">Wein1<\/td>\n<\/tr>\n<tr class=\"row-4\">\n\t<td class=\"column-1\">Lieblings-Weinspruch<\/td><td class=\"column-2\">Wein1<\/td>\n<\/tr>\n<tr class=\"row-5\">\n\t<td class=\"column-1\">Welche Weine will ich noch trinken?<\/td><td class=\"column-2\">Wein1<\/td>\n<\/tr>\n<\/tbody>\n<\/table>\n<!-- #tablepress-12 from cache -->\n","protected":false},"excerpt":{"rendered":"","protected":false},"author":1,"featured_media":0,"parent":0,"menu_order":0,"comment_status":"closed","ping_status":"closed","template":"","meta":{"ocean_post_layout":"","ocean_both_sidebars_style":"","ocean_both_sidebars_content_width":0,"ocean_both_sidebars_sidebars_width":0,"ocean_sidebar":"0","ocean_second_sidebar":"0","ocean_disable_margins":"enable","ocean_add_body_class":"","ocean_shortcode_before_top_bar":"","ocean_shortcode_after_top_bar":"","ocean_shortcode_before_header":"","ocean_shortcode_after_header":"","ocean_has_shortcode":"","ocean_shortcode_after_title":"","ocean_shortcode_before_footer_widgets":"","ocean_shortcode_after_footer_widgets":"","ocean_shortcode_before_footer_bottom":"","ocean_shortcode_after_footer_bottom":"","ocean_display_top_bar":"default","ocean_display_header":"default","ocean_header_style":"","ocean_center_header_left_menu":"0","ocean_custom_header_template":"0","ocean_custom_logo":0,"ocean_custom_retina_logo":0,"ocean_custom_logo_max_width":0,"ocean_custom_logo_tablet_max_width":0,"ocean_custom_logo_mobile_max_width":0,"ocean_custom_logo_max_height":0,"ocean_custom_logo_tablet_max_height":0,"ocean_custom_logo_mobile_max_height":0,"ocean_header_custom_menu":"0","ocean_menu_typo_font_family":"0","ocean_menu_typo_font_subset":"","ocean_menu_typo_font_size":0,"ocean_menu_typo_font_size_tablet":0,"ocean_menu_typo_font_size_mobile":0,"ocean_menu_typo_font_size_unit":"px","ocean_menu_typo_font_weight":"","ocean_menu_typo_font_weight_tablet":"","ocean_menu_typo_font_weight_mobile":"","ocean_menu_typo_transform":"","ocean_menu_typo_transform_tablet":"","ocean_menu_typo_transform_mobile":"","ocean_menu_typo_line_height":0,"ocean_menu_typo_line_height_tablet":0,"ocean_menu_typo_line_height_mobile":0,"ocean_menu_typo_line_height_unit":"","ocean_menu_typo_spacing":0,"ocean_menu_typo_spacing_tablet":0,"ocean_menu_typo_spacing_mobile":0,"ocean_menu_typo_spacing_unit":"","ocean_menu_link_color":"","ocean_menu_link_color_hover":"","ocean_menu_link_color_active":"","ocean_menu_link_background":"","ocean_menu_link_hover_background":"","ocean_menu_link_active_background":"","ocean_menu_social_links_bg":"","ocean_menu_social_hover_links_bg":"","ocean_menu_social_links_color":"","ocean_menu_social_hover_links_color":"","ocean_disable_title":"default","ocean_disable_heading":"default","ocean_post_title":"","ocean_post_subheading":"","ocean_post_title_style":"","ocean_post_title_background_color":"","ocean_post_title_background":0,"ocean_post_title_bg_image_position":"","ocean_post_title_bg_image_attachment":"","ocean_post_title_bg_image_repeat":"","ocean_post_title_bg_image_size":"","ocean_post_title_height":0,"ocean_post_title_bg_overlay":0.5,"ocean_post_title_bg_overlay_color":"","ocean_disable_breadcrumbs":"default","ocean_breadcrumbs_color":"","ocean_breadcrumbs_separator_color":"","ocean_breadcrumbs_links_color":"","ocean_breadcrumbs_links_hover_color":"","ocean_display_footer_widgets":"default","ocean_display_footer_bottom":"default","ocean_custom_footer_template":"0","footnotes":""},"class_list":["post-310","page","type-page","status-publish","hentry","entry"],"_links":{"self":[{"href":"https:\/\/www.berlinerkorkenzieher.de\/index.php\/wp-json\/wp\/v2\/pages\/310","targetHints":{"allow":["GET"]}}],"collection":[{"href":"https:\/\/www.berlinerkorkenzieher.de\/index.php\/wp-json\/wp\/v2\/pages"}],"about":[{"href":"https:\/\/www.berlinerkorkenzieher.de\/index.php\/wp-json\/wp\/v2\/types\/page"}],"author":[{"embeddable":true,"href":"https:\/\/www.berlinerkorkenzieher.de\/index.php\/wp-json\/wp\/v2\/users\/1"}],"replies":[{"embeddable":true,"href":"https:\/\/www.berlinerkorkenzieher.de\/index.php\/wp-json\/wp\/v2\/comments?post=310"}],"version-history":[{"count":17,"href":"https:\/\/www.berlinerkorkenzieher.de\/index.php\/wp-json\/wp\/v2\/pages\/310\/revisions"}],"predecessor-version":[{"id":519,"href":"https:\/\/www.berlinerkorkenzieher.de\/index.php\/wp-json\/wp\/v2\/pages\/310\/revisions\/519"}],"wp:attachment":[{"href":"https:\/\/www.berlinerkorkenzieher.de\/index.php\/wp-json\/wp\/v2\/media?parent=310"}],"curies":[{"name":"wp","href":"https:\/\/api.w.org\/{rel}","templated":true}]}}